e a(s). Suppose -4*j + 2*j + 14 = b. Is j composite?
False
Let t(x) = -2*x**2 + 4*x - 2. Let p be t(2). Is (p - -12)*(-58)/(-4) prime?
False
Let g(j) = -j**3 - 9*j**2 - 14*j - 13. Let z be g(-9). Let b(t) = -15*t**2 + 2. Let r be b(-2). Let f = r + z. Is f a prime number?
False
Let c be 62/22 - 4/(-22). Let l(k) = k**3 - 2*k**2 - 2*k - 1. Let p be l(c). Is 3 + 28 + -2 + p composite?
False
Suppose 165 = 4*q + 5*i - 421, 0 = -4*q - i + 594. Is q prime?
True
Suppose -26*a - 764 = -30*a. Is a a composite number?
False
Suppose 2*y + 5*d = -3*y + 985, -1005 = -5*y - d. Is y prime?
False
Suppose -7*b = -3*b - 20. Suppose 0 = 5*a + 7 + 13, 55 = b*f + 5*a. Is f a prime number?
False
Let b be 1/4 - 4113/(-12). Suppose -3*i = 2*n - 0*i - 254, 3*n - 5*i = b. Is n a composite number?
True
Suppose 20*l = 15*l + 11545. Is l a prime number?
True
Suppose -3*v - v + 2*s = -392, 2*s = 5*v - 490. Let p = v + -65. Is p a composite number?
True
Suppose 4*u = -354 - 18. Let r be u/2*(-7 - -1). Suppose f + 0*f - 61 = 3*j, -r = -5*f + 2*j. Is f prime?
False
Suppose -500 = -3*i + 40. Suppose 3*d + 79 = -4*u - 77, 0 = 4*d - 4*u + i. Let s = d + 101. Is s a prime number?
True
Let g = -11 + 16. Suppose -c = -g*c + 8. Is c a composite number?
False
Is 62024/4*2/4 a composite number?
False
Suppose 5*a - 8 = -3. Let b(s) = -5*s - 6. Let q be b(-8). Let n = q + a. Is n prime?
False
Suppose 3*w = 5*s + 4*w - 271, 0 = 2*s + 2*w - 102. Is s composite?
True
Let w = 0 - 10. Let v = w - -83. Suppose 5*h + 5*g = 110, 2*h - v = -2*h + g. Is h a prime number?
True
Let b(l) = -l**3 + 3*l**2 + 2. Let q be b(3). Let v(z) = -2 + 10*z - q*z + z. Is v(3) a prime number?
False
Suppose 8*p + 1916 = 12*p. Is p prime?
True
Let n = 298 - -151. Is n a composite number?
False
Let b(i) = -i**2 + 5*i. Let s be b(4). Is ((-19)/s)/((-6)/24) a composite number?
False
Suppose 0 = -2*i + 5*u - 141, i + u - 4*u = -69. Let g = -112 - i. Is 0/(5 - 2) - g a composite number?
True
Let m(r) = -8*r + 13. Is m(-5) prime?
True
Suppose -3*x + 6*x = 2859. Is x composite?
False
Suppose 18255 + 14070 = -5*x. Is (-4)/(-14) + x/(-35) a composite number?
True
Suppose -2*n = 3*i - 188, -i - 766 = -5*n - 279. Is n a composite number?
False
Let d be (-2)/(-6) - 731/(-3). Suppose 0 = 4*q - 4*c - 320, -2*c + c - d = -3*q. Is q a composite number?
True
Is 204 - 3/((-3)/(-3)) a prime number?
False
Is -5 + (-5)/(15/(-18744)) a prime number?
False
Let j = 5 + -1. Let w(l) = -3*l**2 + 3*l - 5. Let k(u) = -1. Let r(p) = j*k(p) - w(p). Is r(-3) prime?
True
Suppose -g = -4*s + 2346, 4*s - 2348 = 3*g - g. Is s prime?
False
Let d = -74 - -201. Is d composite?
False
Suppose -9*x = -13*x - 88. Is x/99 + (-850)/(-18) a prime number?
True
Suppose 4*v = -v + 15. Is v a prime number?
True
Let b be ((-6)/15)/((-2)/10). Suppose -l = 5*z - 168, 6*z - b*z = -5*l + 147. Is z composite?
True
Suppose 4*w - 107 = 177. Suppose 3*v + w - 302 = 0. Is v composite?
True
Let d = 46 - 33. Let w(o) = 29*o - 12. Is w(d) a prime number?
False
Suppose 0 = 3*t - 524 - 70. Let m = t - 115. Is m composite?
False
Suppose -5*k - 7 + 17 = 0. Suppose 0 = -4*o - 4*y + 584, k*o - 52 - 243 = -3*y. Is o a prime number?
False
Let r(i) = 9*i - 8. Let y(f) = -26*f + 25. Let k(l) = 7*r(l) + 2*y(l). Let n(z) = z + 3. Let q be n(2). Is k(q) a prime number?
False
Let r(i) = 2*i - 6. Let l be r(5). Suppose b = 4*q + 29, -l*b + 157 = -q + 11. Is b composite?
False
Let d(o) = o**3 + o**2 - 2*o. Suppose r = -2*r + 12. Let j be d(r). Suppose 0 = x + 2*x - 3*b - 48, 5*b = -3*x + j. Is x prime?
True
Suppose 21 = 3*h - 96. Is h a composite number?
True
Suppose -g - 404 = -1035. Is g prime?
True
Let n be 2/((-1)/(9/6)). Let s be (-6)/n + 1 + -1. Suppose -9 + 124 = s*u + v, -4*u + 235 = 3*v. Is u composite?
True
Let g(w) = -2*w**3 + 4*w**2 + 2*w - 4. Let y be g(3). Let x(h) = -11*h - 13. Is x(y) prime?
True
Let u = 5 + -3. Suppose 0 = 5*q - 10, -2*q = u*d + 3*q - 300. Is d prime?
False
Suppose 11 - 47 = -4*a + 3*h, 2*a = -5*h + 44. Is a/66 - 141/(-11) composite?
False
Suppose 494 = r + 5*z, 3*z + z + 2383 = 5*r. Is r a composite number?
False
Suppose 2*u - 1 = 3*g, 2*g + g + 7 = 5*u. Suppose u*j - 16 - 22 = 0. Is j prime?
True
Let m(z) = -z**2 - 4*z + 1. Let h be m(-4). Let y = h + 0. Suppose -y - 5 = -f. Is f a composite number?
True
Suppose 3*k = 4 + 17. Let t(u) = u**2 - 6*u - 5. Let c be t(k). Is 52 - (-3 - -1)/c a prime number?
True
Suppose i = j - 27 - 127, 0 = -3*j - 2*i + 437. Is j composite?
False
Let c = -24 + 8. Suppose 2*u + k + 0*k = 57, 0 = -u - 4*k + 11. Let i = c + u. Is i a prime number?
False
Let s be (-4)/(-18) + 25/9. Let r be 1259/s + (-16)/24. Is 1 + r + -2 + 1 a composite number?
False
Let m(x) = 5*x + 2 + 0*x + 7 - x. Is m(11) a prime number?
True
Suppose -4*f + 19 = 7. Suppose -5*w - 5*v + 615 = 0, f = v + 1. Is w a prime number?
False
Let v(q) = -3*q - 20. Let h be v(-8). Let m(w) = -3*w**2 - 3*w - 4. Let z be m(-6). Is h/2*z/(-4) composite?
False
Suppose -3 = -5*w + 7, -2*b = 3*w - 1048. Is b a prime number?
True
Suppose -q = q + 3*n - 14, -5*q - n = -22. Suppose q*k = 5*c + 503, -5*c = -3 - 2. Is k prime?
True
Let f be 4 + (1 - 2) + -1. Is f/4*114*1 composite?
True
Let z = 255 + 110. Is z a prime number?
False
Suppose 3*x - 22 = -y + 739, 2*x - 508 = -y. Is x composite?
True
Let b(k) = -k**3 - 8*k**2 - 12*k + 25. Is b(-14) composite?
True
Let u = 357 - 239. Is u prime?
False
Suppose 0 = 2*y - 4*v - 17 + 5, -5*v = 4*y - 11. Suppose 5*t - y*n = n + 1095, n + 653 = 3*t. Is t prime?
False
Let b(w) = 292*w**3 - w**2 - w + 3. Is b(2) composite?
False
Suppose 243 = -6*x + 1077. Is x prime?
True
Suppose -z - 9 = t, -4*t - 5*z - 24 = -2*t. Let x = 38 + t. Is x prime?
True
Let g(f) = 447*f**3 + 2*f - 2. Is g(1) composite?
True
Suppose b - 5*q = 22, -5*q - 4 = 3*b + 10. Let t(y) = 40*y**2 + 1. Is t(b) a prime number?
False
Suppose 663 = 2*t + t. Is t composite?
True
Let z(b) = 11*b**2 + 15*b + 29. Is z(-11) a prime number?
False
Suppose 0 = 3*q + 9, 0 = -5*p - 3*q + 704 - 58. Is p composite?
False
Let z(m) = 5952*m**3 + m**2. Is z(1) composite?
False
Suppose b + b - 5*w + 1 = 0, -5*b + 5*w - 10 = 0. Let x = 9 + b. Suppose -4*c = -c - x, -l + 63 = -c. Is l prime?
False
Suppose 5*o = 9*o - 12. Suppose 117 = 3*q - 3*g, 0*q - o*q + 2*g + 117 = 0. Is q a composite number?
True
Is 21/(-12)*(-5 - -897)*-1 a composite number?
True
Suppose 0 = -0*y + 3*y - 6. Let v be (18/(-15))/(y/(-110)). Suppose 0 = -3*u + u + v. Is u composite?
True
Suppose 3*v + 4*y = 3*y + 9, 5*v = 2*y + 4. Suppose -4*h - 45 = -i - v*i, -60 = -4*i + h. Is i a prime number?
False
Suppose -4*x - 4*d + 2156 = 0, 4*d = -x + 243 + 290. Is x composite?
False
Let r = 21 + -18. Let o = 2 - 0. Suppose -o*n = r*n - 70. Is n composite?
True
Let s(y) = -y**3 - 7*y**2 - y - 6. Let x be s(-7). Suppose -2*z - 9 = x. Let h = 7 + z. Is h prime?
True
Let l(v) = -6*v**3 - v**2 - v. Suppose 0 = 2*k + 2 - 4. Let a be (-2)/k*1 + 0. Is l(a) a prime number?
False
Suppose 3*d = 4 + 2. Let f(v) = d*v - 9*v - 2 - 10*v. Is f(-5) prime?
True
Is 14/4*(-1 - -135) a prime number?
False
Let i(l) = 5*l + 5. Let z(b) = -4*b - 4. Let c(q) = 3*i(q) + 4*z(q). Let n be c(-3). Suppose n - 39 = -x. Is x prime?
True
Let a be 400/28 + (-4)/14. Suppose 3*c - 4*p = -a, 2*c - 2*p + 4 = -c. Suppose -c*j = -3*j + 33. Is j prime?
False
Suppose 4*h = -8*z + 11*z - 5034, 0 = 4*h. Is z a prime number?
False
Suppose 538 = u + m, m + 1046 + 580 = 3*u. Is u a composite number?
False
Let j(u) be the third derivative of -1/6*u**3 + 0*u + 0 - 1/8*u**4 - u**2. Is j(-4) a prime number?
True
Suppose 4*a = -a + 10, -5*g + 5*a = -645. Is g a composite number?
False
Suppose -4*r - 33 = -3*y - 167, -3*r + 95 = -5*y. Is r a prime number?
False
Is (-706)/8*(2 + -6) prime?
True
Let t(b) = -38*b - 29. Is t(-11) a prime number?
True
Is 1452 - (4 + 0) - -3 composite?
False
Suppose -2*f + 0*f + 4*i + 28 = 0, -24 = -2*f + 3*i. Suppose f*c - 113 = -5*k + 5*c, -k = -4*c - 31. Is k prime?
True
Let n = -3405 + 11170. Is n a composite number?
True
Suppose -109 = -3*h + 140. Is h composite?
False
Let q(t) = -t**2 - 7*t - 8. Let y be q(-8). Is (y/(-24))/(2/21) prime?
True
Let c = 13 + -36. Let o = -4 - c. Is o composite?
False
Let g(o) = -71*o**3 + 4*o**2 + 7*o + 7. Is g(-3) prim